{"id":1406,"date":"2024-06-28T21:28:35","date_gmt":"2024-06-28T19:28:35","guid":{"rendered":"http:\/\/photofunchanat.fr\/?page_id=1406"},"modified":"2025-02-06T17:09:51","modified_gmt":"2025-02-06T16:09:51","slug":"festival-2025","status":"publish","type":"page","link":"https:\/\/photofunchanat.fr\/?page_id=1406","title":{"rendered":"Festival 2025"},"content":{"rendered":"\n<figure class=\"wp-block-pullquote\"><blockquote><p><img loading=\"lazy\" height=\"16\" width=\"16\" alt=\"\u2728\" src=\"https:\/\/static.xx.fbcdn.net\/images\/emoji.php\/v9\/tf4\/1\/16\/2728.png\"><strong> Ils sont l\u00e0 !<\/strong> <img loading=\"lazy\" height=\"16\" width=\"16\" alt=\"\ud83d\udcf8\" src=\"https:\/\/static.xx.fbcdn.net\/images\/emoji.php\/v9\/tde\/1\/16\/1f4f8.png\"> <img loading=\"lazy\" height=\"16\" width=\"16\" alt=\"\ud83c\udf89\" src=\"https:\/\/static.xx.fbcdn.net\/images\/emoji.php\/v9\/t8c\/1\/16\/1f389.png\"><\/p><p>Nous avons le plaisir de vous d\u00e9voiler les photographes s\u00e9lectionn\u00e9s pour l\u2019\u00e9dition 2025 du festival \u00ab\u00a0<strong>Tu Veux Ma Photo?<\/strong> \u00ab\u00a0<img loading=\"lazy\" height=\"16\" width=\"16\" alt=\"\ud83d\udd25\" src=\"https:\/\/static.xx.fbcdn.net\/images\/emoji.php\/v9\/t50\/1\/16\/1f525.png\"><\/p><p>Apr\u00e8s une s\u00e9lection rigoureuse par notre jury, ces artistes talentueux exposeront leurs \u0153uvres<strong> du 27 au 29 juin \u00e0 Chanat-la-Mouteyre. <img loading=\"lazy\" height=\"16\" width=\"16\" alt=\"\ud83c\udf3f\" src=\"https:\/\/static.xx.fbcdn.net\/images\/emoji.php\/v9\/t1e\/1\/16\/1f33f.png\"><img loading=\"lazy\" height=\"16\" width=\"16\" alt=\"\ud83d\udcf7\" src=\"https:\/\/static.xx.fbcdn.net\/images\/emoji.php\/v9\/t5d\/1\/16\/1f4f7.png\"><\/strong><\/p><p>Un grand bravo \u00e0 tous les exposants de cette ann\u00e9e et merci \u00e0 tous ceux qui ont candidat\u00e9. Le choix n\u2019a pas \u00e9t\u00e9 simple tant les dossiers \u00e9taient de qualit\u00e9 ! F\u00e9licitations \u00e0 eux ! <img loading=\"lazy\" height=\"16\" width=\"16\" alt=\"\ud83d\udc4f\" src=\"https:\/\/static.xx.fbcdn.net\/images\/emoji.php\/v9\/tfe\/1\/16\/1f44f.png\"><\/p><p>On a h\u00e2te de vous retrouver pour un week-end plein de rencontres, d\u2019\u00e9motions et de belles images ! <img loading=\"lazy\" height=\"16\" width=\"16\" alt=\"\ud83e\udd29\" src=\"https:\/\/static.xx.fbcdn.net\/images\/emoji.php\/v9\/t58\/1\/16\/1f929.png\"><\/p><\/blockquote><\/figure>\n\n\n\n<figure class=\"wp-block-image size-large\"><img data-attachment-id=\"1460\" data-permalink=\"https:\/\/photofunchanat.fr\/?attachment_id=1460\" data-orig-file=\"https:\/\/i1.wp.com\/photofunchanat.fr\/wp-content\/uploads\/2025\/02\/photographes_selection_TVMP2025-5.jpg?fit=509%2C720&amp;ssl=1\" data-orig-size=\"509,720\" data-comments-opened=\"0\" data-image-meta=\"{&quot;aperture&quot;:&quot;0&quot;,&quot;credit&quot;:&quot;Hadrien Leloup&quot;,&quot;camera&quot;:&quot;&quot;,&quot;caption&quot;:&quot;&quot;,&quot;created_timestamp&quot;:&quot;0&quot;,&quot;copyright&quot;:&quot;&quot;,&quot;focal_length&quot;:&quot;0&quot;,&quot;iso&quot;:&quot;0&quot;,&quot;shutter_speed&quot;:&quot;0&quot;,&quot;title&quot;:&quot;&quot;,&quot;orientation&quot;:&quot;0&quot;}\" data-image-title=\"photographes_selection_TVMP2025-5\" data-image-description=\"\" data-medium-file=\"https:\/\/i1.wp.com\/photofunchanat.fr\/wp-content\/uploads\/2025\/02\/photographes_selection_TVMP2025-5.jpg?fit=212%2C300&amp;ssl=1\" data-large-file=\"https:\/\/i1.wp.com\/photofunchanat.fr\/wp-content\/uploads\/2025\/02\/photographes_selection_TVMP2025-5.jpg?fit=474%2C670&amp;ssl=1\" loading=\"lazy\" width=\"474\" height=\"670\" src=\"https:\/\/i1.wp.com\/photofunchanat.fr\/wp-content\/uploads\/2025\/02\/photographes_selection_TVMP2025-5.jpg?resize=474%2C670&#038;ssl=1\" alt=\"\" class=\"wp-image-1460\" srcset=\"https:\/\/i1.wp.com\/photofunchanat.fr\/wp-content\/uploads\/2025\/02\/photographes_selection_TVMP2025-5.jpg?w=509&amp;ssl=1 509w, https:\/\/i1.wp.com\/photofunchanat.fr\/wp-content\/uploads\/2025\/02\/photographes_selection_TVMP2025-5.jpg?resize=212%2C300&amp;ssl=1 212w\" sizes=\"(max-width: 474px) 100vw, 474px\" data-recalc-dims=\"1\" \/><figcaption>Nous sommes heureux de vous pr\u00e9senter la liste des photographes exposants pour le festival \u00a0\u00bb Tu veux ma photo?\u00a0\u00bb du 27 au 29 juin 2025 \u00e0 Chanat la Mouteyre<\/figcaption><\/figure>\n\n\n\n<p><\/p>\n","protected":false},"excerpt":{"rendered":"<p>Ils sont l\u00e0 ! Nous avons le plaisir de vous d\u00e9voiler les photographes s\u00e9lectionn\u00e9s pour l\u2019\u00e9dition 2025 du festival \u00ab\u00a0Tu Veux Ma Photo? \u00ab\u00a0 Apr\u00e8s une s\u00e9lection rigoureuse par notre jury, ces artistes talentueux exposeront leurs \u0153uvres du 27 au 29 juin \u00e0 Chanat-la-Mouteyre. Un grand bravo \u00e0 tous les exposants de cette ann\u00e9e et &hellip; <a href=\"https:\/\/photofunchanat.fr\/?page_id=1406\" class=\"more-link\">Continuer la lecture de <span class=\"screen-reader-text\">Festival 2025<\/span>  <span class=\"meta-nav\">&rarr;<\/span><\/a><\/p>\n","protected":false},"author":1,"featured_media":0,"parent":0,"menu_order":0,"comment_status":"closed","ping_status":"closed","template":"","meta":{"spay_email":""},"jetpack_sharing_enabled":true,"jetpack_shortlink":"https:\/\/wp.me\/PaQNiX-mG","_links":{"self":[{"href":"https:\/\/photofunchanat.fr\/index.php?rest_route=\/wp\/v2\/pages\/1406"}],"collection":[{"href":"https:\/\/photofunchanat.fr\/index.php?rest_route=\/wp\/v2\/pages"}],"about":[{"href":"https:\/\/photofunchanat.fr\/index.php?rest_route=\/wp\/v2\/types\/page"}],"author":[{"embeddable":true,"href":"https:\/\/photofunchanat.fr\/index.php?rest_route=\/wp\/v2\/users\/1"}],"replies":[{"embeddable":true,"href":"https:\/\/photofunchanat.fr\/index.php?rest_route=%2Fwp%2Fv2%2Fcomments&post=1406"}],"version-history":[{"count":6,"href":"https:\/\/photofunchanat.fr\/index.php?rest_route=\/wp\/v2\/pages\/1406\/revisions"}],"predecessor-version":[{"id":1463,"href":"https:\/\/photofunchanat.fr\/index.php?rest_route=\/wp\/v2\/pages\/1406\/revisions\/1463"}],"wp:attachment":[{"href":"https:\/\/photofunchanat.fr\/index.php?rest_route=%2Fwp%2Fv2%2Fmedia&parent=1406"}],"curies":[{"name":"wp","href":"https:\/\/api.w.org\/{rel}","templated":true}]}}